ors of 9556536.
2, 3, 11, 53, 683
List the prime factors of 6159972.
2, 3, 7, 13, 5641
What are the prime factors of 1256772?
2, 3, 11, 9521
What are the prime factors of 28538756?
2, 43, 277, 599
List the prime factors of 1300772.
2, 11, 17, 37, 47
List the prime factors of 1679708.
2, 419927
List the prime factors of 47107.
17, 163
List the prime factors of 559230.
2, 3, 5, 7, 2663
What are the prime factors of 5683638?
2, 3, 823, 1151
List the prime factors of 277116.
2, 3, 7, 3299
List the prime factors of 9908442.
2, 3, 550469
What are the prime factors of 11714892?
2, 3, 7, 89, 1567
What are the prime factors of 34053?
3, 11351
List the prime factors of 9002840.
2, 5, 7, 11, 37, 79
What are the prime factors of 11179554?
2, 3, 367, 5077
What are the prime factors of 142625?
5, 7, 163
List the prime factors of 9931757.
11, 17, 173, 307
List the prime factors of 1271029.
1271029
List the prime factors of 9744.
2, 3, 7, 29
List the prime factors of 574952.
2, 7, 10267
What are the prime factors of 921691?
619, 1489
What are the prime factors of 1887717?
3, 13, 97, 499
List the prime factors of 29952638.
2, 601, 24919
List the prime factors of 1027125.
3, 5, 11, 83
List the prime factors of 3479781.
3, 17, 31, 71
What are the prime factors of 1572912?
2, 3, 11, 331
What are the prime factors of 31525510?
2, 5, 67, 211, 223
List the prime factors of 883012.
2, 13, 16981
What are the prime factors of 258327?
3, 28703
List the prime factors of 1290260.
2, 5, 64513
List the prime factors of 171774.
2, 3, 3181
What are the prime factors of 7101765?
3, 5, 11, 14347
List the prime factors of 497935.
5, 53, 1879
List the prime factors of 241743.
3, 61, 1321
What are the prime factors of 523354?
2, 13, 20129
What are the prime factors of 343817?
343817
List the prime factors of 25183901.
25183901
What are the prime factors of 2750252?
2, 47, 14629
What are the prime factors of 167602?
2, 47, 1783
List the prime factors of 748349.
7, 106907
List the prime factors of 21388.
2, 5347
What are the prime factors of 13351025?
5, 211, 2531
What are the prime factors of 13135600?
2, 5, 32839
List the prime factors of 113408.
2, 443
List the prime factors of 876076.
2, 219019
List the prime factors of 94841.
94841
List the prime factors of 5438391.
3, 7, 258971
List the prime factors of 3368687.
7, 269, 1789
List the prime factors of 2716124.
2, 17, 59, 677
What are the prime factors of 24675109?
17, 85381
What are the prime factors of 9609333?
3, 3203111
What are the prime factors of 1622279?
71, 73, 313
What are the prime factors of 331379?
19, 107, 163
What are the prime factors of 6068577?
3, 563, 3593
List the prime factors of 3681326.
2, 11, 19, 8807
What are the prime factors of 2037959?
7, 11, 19, 199
List the prime factors of 483220.
2, 5, 37, 653
What are the prime factors of 21110917?
21110917
What are the prime factors of 697468?
2, 174367
List the prime factors of 12821840.
2, 5, 83, 1931
List the prime factors of 2038159.
2038159
What are the prime factors of 530488?
2, 7, 9473
List the prime factors of 873696.
2, 3, 19, 479
List the prime factors of 3771374.
2, 47, 53, 757
What are the prime factors of 21052?
2, 19, 277
List the prime factors of 68661.
3, 2543
List the prime factors of 331463.
11, 30133
What are the prime factors of 515590?
2, 5, 47, 1097
What are the prime factors of 154164?
2, 3, 29, 443
What are the prime factors of 203636?
2, 50909
What are the prime factors of 164102?
2, 82051
List the prime factors of 20656052.
2, 5164013
What are the prime factors of 1830300?
2, 3, 5, 6101
What are the prime factors of 1954132?
2, 457, 1069
List the prime factors of 177011.
177011
List the prime factors of 203899.
29, 79, 89
List the prime factors of 307658.
2, 13, 11833
What are the prime factors of 21564017?
67, 321851
What are the prime factors of 1261313?
1261313
List the prime factors of 3910462.
2, 83, 23557
List the prime factors of 1177988.
2, 7, 42071
What are the prime factors of 12436665?
3, 5, 829111
List the prime factors of 63580.
2, 5, 11, 17
What are the prime factors of 280546?
2, 7, 29, 691
List the prime factors of 84034.
2, 42017
List the prime factors of 653405.
5, 130681
What are the prime factors of 434642?
2, 13, 73, 229
What are the prime factors of 651451?
263, 2477
What are the prime factors of 453727?
619, 733
What are the prime factors of 230541?
3, 76847
What are the prime factors of 231026?
2, 115513
What are the prime factors of 1760204?
2, 431, 1021
List the prime factors of 354984.
2, 3, 7, 2113
List the prime factors of 4006.
2, 2003
What are the prime factors of 303176?
2, 37897
What are the prime factors of 12876596?
2, 23, 67, 2089
List the prime factors of 1121797.
31, 36187
What are the prime factors of 1643646?
2, 3, 273941
List the prime factors of 626663.
626663
What are the prime factors of 254763?
3, 28307
What are the prime factors of 630000?
2, 3, 5, 7
List the prime factors of 103540.
2, 5, 31, 167
What are the prime factors of 3698487?
3, 13, 41, 257
What are the prime factors of 825982?
2, 167, 2473
What are the prime factors of 389827?
17, 23, 997
What are the prime factors of 1668100?
2, 5, 7, 2383
List the prime factors of 4783179.
3, 73, 21841
What are the prime factors of 2941604?
2, 197, 3733
What are the prime factors of 5849455?
5, 587, 1993
What are the prime factors of 132115?
5, 26423
What are the prime factors of 72396?
2, 3, 2011
List the prime factors of 20172020.
2, 5, 11, 91691
List the prime factors of 13330232.
2, 1666279
List the prime factors of 52597.
149, 353
List the prime factors of 24706610.
2, 5, 17, 83, 103
What are the prime factors of 123924?
2, 3, 23, 449
What are the prime factors of 5252008?
2, 199, 3299
List the prime factors of 126249.
3, 42083
List the prime factors of 85275.
3, 5, 379
What are the prime factors of 1911456?
2, 3, 6637
What are the prime factors of 14120990?
2, 5, 13, 19, 5717
What are the prime factors of 870530?
2, 5, 263, 331
What are the prime factors of 125014?
2, 62507
List the prime factors of 4473562.
2, 2236781
What are the prime factors of 992321?
11, 59, 139
List the prime factors of 10605435.
3, 5, 707029
What are the prime factors of 2947285?
5, 11, 41, 1307
List the prime factors of 9375691.
13, 721207
List the prime factors of 519556.
2, 193, 673
List the prime factors of 11249562.
2, 3, 263, 7129
List the prime factors of 1946372.
2, 53, 9181
What are the prime factors of 3442001?
59, 227, 257
What are the prime factors of 176543?
53, 3331
List the prime factors of 34176.
2, 3, 89
List the prime factors of 248071.
248071
List the prime factors of 1670498.
2, 835249
What are the prime factors of 543561?
3, 409, 443
List the prime factors of 231121.
11, 21011
List the prime factors of 9900948.
2, 3, 23, 29, 1237
What are the prime factors of 614581?
11, 55871
What are the prime factors of 3140907?
3, 7, 11, 13597
What are the prime factors of 5644338?
2, 3, 7, 23, 5843
What are the prime factors of 92251?
92251
What are the prime factors of 1492675?
5, 59707
List the prime factors of 3118347.
3, 421, 823
List the prime factors of 15835036.
2, 7, 173, 467
What are the prime factors of 3147781?
7, 13, 34591
What are the prime factors of 3297918?
2, 3, 13, 42281
List the prime factors of 410553.
3, 11, 13, 29
What are the prime factors of 57562?
2, 17, 1693
What are the prime factors of 1110447?
3, 13, 9491
What are the prime factors of 3205559?
7, 97, 4721
List the prime factors of 7764215.
5, 1552843
What are the prime factors of 276527?
276527
List the prime factors of 303503.
223, 1361
What are the prime factors of 4595972?
2, 71, 16183
List the prime factors of 819564.
2, 3, 163, 419
List the prime factors of 4871557.
31, 167, 941
List the prime factors of 742222.
2, 13, 28547
List the prime factors of 12610153.
101, 124853
List the prime factors of 8305147.
19, 437113
List the prime factors of 3017018.
2, 1508509
List the prime factors of 1615701.
3, 538567
What are the prime factors of 3099158?
2, 23, 89, 757
List the prime factors of 195768.
2, 3, 2719
What are the prime factors of 2952657?
3, 19, 31, 557
What are the prime factors of 481547?
11, 43777
List the prime factors of 1423712.
2, 44491
List the prime facto